t r(a) = v(a) + 3*x(a). Determine r(8).
4
Let g(f) = f**3 - 6*f**2 - 3*f + 22. Let t be g(6). Let d(q) = -q**3 + 2 - 4 + 4*q**2 - 3 + 3*q. What is d(t)?
7
Let v(t) = 2*t**3 + 4*t**2 + 24*t + 88. Let j be v(-3). Let w(d) = 9*d. Calculate w(j).
-18
Let j be -6 - (-2 + (2 - 0)). Let a(i) be the second derivative of 0 - 1/6*i**3 - 6*i**2 + i. What is a(j)?
-6
Let o(q) be the third derivative of q**8/6720 - q**6/360 + q**5/40 + q**4/6 - 7*q**2. Let b(c) be the second derivative of o(c). Give b(-3).
-18
Let n(z) = -z**3 + 2*z**2 + z - 1. Let c be n(2). Let j(g) = -20*g**2 - 7 + 4 - 8 - 2*g. Let s(x) = -7*x**2 - x - 4. Let k(f) = -3*j(f) + 8*s(f). What is k(c)?
3
Let b(i) be the third derivative of -i**5/60 + i**4/12 + 7*i**3/6 - 17*i**2 + 1. Let r be b(0). Let t(y) = -y**2 + 10*y - 8. Determine t(r).
13
Let d be (2 + 0)/((-3)/((-30)/(-5))). Let b(i) = -4*i - 5. Determine b(d).
11
Let v(s) = 14*s**2 + 35*s + 3. Let i(l) = 5*l**2 + 12*l + 1. Let h(a) = -17*i(a) + 6*v(a). Let f be (5 + -1)/(64/80). Suppose -f*t + 1 = -24. What is h(t)?
6
Let w(n) be the third derivative of -n**6/60 + n**5/20 - n**4/8 + n**3/3 + 2*n**2. Let d = 37 + -35. Suppose -d*f + 5 - 1 = 0. Determine w(f).
-8
Suppose 0 = -2*s - 8*s + 90. Suppose 3*d = 5*t + 6 - 17, -3*t + s = -d. Let g(w) = 5*w - 2. Calculate g(t).
18
Let b(j) = 9*j**3 - 2*j**2 + 1. Suppose -3*l - l + 2*f + 2 = 0, 0 = 2*l + 5*f + 17. Give b(l).
-10
Let z(g) = g - g**2 - 2*g**2 - 2*g**2. Suppose -w - 3*w = 5*p + 11, -18 = -3*w + 5*p. What is z(w)?
-4
Suppose -p - 24 = -9*p. Let b(y) = y**3 - 2*y**2 - y + 3. Give b(p).
9
Let h(p) = -p + 3. Let z be (10/4)/((-5)/(-40)). Suppose 4*v - 5*n = 16, 2*v - 7*v = -2*n - z. Calculate h(v).
-1
Let q(k) be the second derivative of -k**5/20 - k**4/12 + k**3/6 - k**2 - 58*k. Calculate q(2).
-12
Let q(f) = f**3 - 7*f**2 - 3*f. Suppose 0 = -4*i + s + 28, s = 2*i - 3 - 11. Determine q(i).
-21
Let s(t) = 6*t + 3*t - 141*t**2 + 11 - t + 69*t**2 + 68*t**2 - t**3. Calculate s(-5).
-4
Suppose -p - 5*n = -2*p - 17, 4*n = -3*p + 6. Let a(x) = 2*x**3 + 3*x**2 - x - 2. Let z be a(p). Let b(w) = w**2 + 5*w + 3. Calculate b(z).
-1
Let m(h) be the first derivative of -1/2*h**2 + 21 + 0*h. Determine m(-2).
2
Let r(w) be the first derivative of w**2/2 - 49. Determine r(3).
3
Let a be 3/12*-4 - 2. Let h(r) = -r**2 - 7*r + 6. Let t(l) = l - 1. Let x = -2 - -3. Let k(q) = x*h(q) + 2*t(q). What is k(a)?
10
Let t(h) = -22*h - 20. Let z(u) = 3*u + 1. Let v(r) = -t(r) - 8*z(r). Calculate v(9).
-6
Let j(k) = 10*k + 8*k - 16*k - 6*k**2 + 4*k + k**3. What is j(5)?
5
Let j = 2 - -1. Let b(t) = 2*t - 19*t**2 + 3*t**2 - j*t. Let q(m) = -6*m**3 - 36*m**2 + 2*m + 13. Let p be q(-6). Determine b(p).
-17
Let s(x) be the third derivative of 0*x**5 - 7/720*x**6 + 0*x**3 + 0 - 4*x**2 + 0*x + 1/24*x**4. Let l(w) be the second derivative of s(w). Calculate l(1).
-7
Let a be 156/(-18) + 2/3. Let s(p) = -5 - 15*p**2 - 1 - p**3 + 160*p - 170*p + 6*p**2. Calculate s(a).
10
Let v = 22 + -19. Let z(r) = -6*r**2 - 2*r**2 + 10*r**v + 3 + 7*r**2 - 2. Let m be 6/(-4) - 3/(-6). Calculate z(m).
-10
Let f(t) be the second derivative of -t**4/4 - 5*t**2 - 10*t. Let v(p) be the first derivative of f(p). Let r(o) = -o + 2. Let n be r(0). Calculate v(n).
-12
Let z be 4/6 - 50/(-6). Let o(s) = 1 + 2 + 7*s - z*s. Suppose 6*x = 4 + 20. Calculate o(x).
-5
Let x = 1117 - 1112. Let i(m) = 3*m**3 + 8*m**2 + 5*m - 3. Let p(h) = -h**3 - h**2 + 1. Let t(o) = i(o) + 4*p(o). Calculate t(x).
1
Let p = 1 - 1. Let x(b) = 0 - 3 - b + p. Suppose 2*o + d + 8 = 2*d, -2*d = 5*o + 29. Give x(o).
2
Let m(u) = -16*u - 10. Let a(n) = -5*n - 3. Let y(t) = 14*a(t) - 4*m(t). Suppose -c - 3 = -0*r - 3*r, 4*c - 5*r + 12 = 0. Give y(c).
16
Let f(u) be the second derivative of -1/8*u**4 + 3*u + 3/2*u**2 + 0 - 1/20*u**5 - 1/6*u**3. Let a(b) be the first derivative of f(b). What is a(-2)?
-7
Let o(h) = -88*h**2 - 85*h**2 - 1 + 174*h**2 - h. Let a(p) = p**3 - p**2 - 7*p - 8. Let t(g) = -a(g) + 5*o(g). What is t(6)?
15
Let l be (-187)/(-9) - (-8)/36. Let p = l + -19. Let u(z) = -z**p - z + 7 - z + z - 5. Calculate u(-2).
0
Let b be ((-1)/2)/(((-6)/(-6))/4). Let h(j) = -26*j - 2. Calculate h(b).
50
Let a = 37 - 34. Let o(c) = 2*c + 8 - 3*c - a*c - c + c**2. Give o(6).
14
Let q(i) be the second derivative of 0 - i + 1/6*i**3 - i**2. Suppose -2*g - 2*b - 2 = 0, 2*b + 5 = 4*g - 3*g. Give q(g).
-1
Let w be -3*6/(-9)*4/192. Let z(u) be the third derivative of 5/6*u**3 + 0 + 0*u - w*u**4 + 13*u**2. Give z(6).
-1
Suppose 3*a + 6*f = 3*f + 12, -a = 4*f - 7. Let v(r) = -r + 19*r**2 - 11*r**2 - a*r**2. What is v(1)?
4
Let s(t) = 10*t + 8. Let m(y) = 29*y + 23. Let c(n) = 6*m(n) - 17*s(n). Suppose 29 = 5*z - 11. Suppose 17*f = -z - 43. Calculate c(f).
-10
Suppose -5*b + 5*o - 5 = 0, 0*b + 1 = 5*b + o. Let s be (1 - 3)*-3*1. Suppose b = s*i - 7 + 1. Let z(d) = -d + 1. Determine z(i).
0
Let y(k) = k + 11. Let q(x) = -5*x**2 - 40*x. Let l be q(-8). Calculate y(l).
11
Let d(h) be the second derivative of h**5/20 + 5*h**4/12 - 5*h**3/6 - h**2/2 - 11*h. Let m(k) = 2*k. Let z be m(-3). Give d(z).
-7
Let k(q) = 6*q**3 - 11*q**2 - 9*q - 1. Let t(r) = 5*r**3 - 11*r**2 - 8*r - 3. Let g(c) = 6*k(c) - 7*t(c). Determine g(-11).
-7
Let d(q) = 6 + q**3 - 3 + 8*q + 9*q**2 + 2. Suppose 0*g - 3*g = -5*n - 25, n = 4*g + 12. What is d(n)?
5
Let z be (14 - 13)*(3 - -1)/2. Let a(u) = 2*u - 2. Calculate a(z).
2
Let r(u) be the first derivative of u**4/4 - 4*u**3/3 - 2*u**2 - 5*u + 45. Give r(5).
0
Suppose 4*f + 5*j - 10 = 0, -5*f = -j + 2 - 0. Let w = -3 - f. Let k(d) = -d + d - 2*d + 1. Determine k(w).
7
Let u(l) be the second derivative of 3*l - 1/20*l**5 + 4/3*l**3 - 5/12*l**4 + 5/2*l**2 + 0. Give u(-6).
-7
Let f(m) = m**2 - 4*m - 4. Let o = -34 - -11. Let y = o + 27. Calculate f(y).
-4
Let d(m) = m**2 - 10*m + 6. Let b = 52 + -73. Let y be ((-2)/5)/(1 - b/(-20)). What is d(y)?
-10
Let r(x) be the first derivative of -x**3/3 - 3*x**2 + 6*x + 14. Let p(j) = -4*j - 31. Let k be p(-6). What is r(k)?
-1
Let s be (9/2)/(-3)*90/27. Let j(w) = -3 + 3*w**2 - 4*w**2 + 0*w**2 - 5*w. Calculate j(s).
-3
Let o(i) = 8*i**3 + i - 1. Let w(z) = 4*z**3 - z**2. Let t be w(1). Suppose -v - t + 4 = 0. What is o(v)?
8
Let o(y) = 6*y + 16. Let f(i) = -4*i - 7. Let a(h) = 11*f(h) + 6*o(h). Calculate a(3).
-5
Let x(i) = i**3 + 22*i**2 + i + 18. Suppose 196*n = 193*n - 66. What is x(n)?
-4
Suppose -3*h + 4*h = 6. Let w(n) = -h*n**2 - 11*n + n + 2*n + 0*n**3 + 9 + n**3. Determine w(7).
2
Let f(k) = -8 - 9*k + 3*k**2 - 4*k**2 + 0*k**2. Suppose 8 = d + 3*m, 8*m - 6*m = 5*d + 45. Calculate f(d).
6
Let l(u) be the second derivative of -u**3/6 - u**2/2 + u. Let p(y) = 9*y + 1 - 10 + 2*y - 16*y. Let f(d) = -4*l(d) + p(d). Determine f(0).
-5
Let m(l) = 2*l**2 + 5*l - 6. Let f(j) = -j**2 + j. Let r(d) = f(d) + m(d). Suppose -91 - 23 = 19*b. Calculate r(b).
-6
Let y(g) = -3*g**2 + 8*g. Let n(t) = 7*t**2 - 18*t + 2. Let q(c) = 2*n(c) + 5*y(c). Give q(4).
4
Let q(a) = 1. Let r(j) = -j - 17. Let z(v) = 2*q(v) + r(v). Calculate z(-15).
0
Let z(x) = -x**3 - 3*x**2 + 2. Let b = -49 + 44. Let c(h) = 2*h**3 + 7*h**2 - 4. Let f(j) = b*z(j) - 2*c(j). Let r(o) = 2*o + 2. Let k be r(-2). Give f(k).
-6
Let i(s) = -910*s**2 + 2*s - 4 + 0*s**3 + 905*s**2 + 0*s**3 + s**3. Determine i(3).
-16
Let z = -908 + 912. Let y(o) = -7*o**3 + 4*o**2 + 3*o + 7. Let m(i) = -15*i**3 + 8*i**2 + 7*i + 15. Let f(a) = 6*m(a) - 13*y(a). Calculate f(z).
11
Let h(m) = 2*m**2 - 44*m + 5. Let i(p) = -p**2 + 21*p - 3. Let d(c) = 6*h(c) + 13*i(c). Give d(10).
-19
Let x be 2*(110/4 - -2 - 3). Let s(d) = -x*d**2 - 4 + 54*d**2 - 5*d - 2. Let w be (-1)/(-3) - (-28)/6. Determine s(w).
-6
Let b(q) be the first derivative of -q**5/120 - 5*q**4/12 - 3*q**3 - 11. Let a(i) be the third derivative of b(i). Give a(0).
-10
Let l be (-27)/6*(-12)/27. Let k be l*(-3)/(-18)*3. Let y(g) = -6*g**2 + 1. Give y(k).
-5
Let t(i) = -2*i**3 + 7*i**2 + i + 3. Let a(k) = k**3 - 7*k**2 - 2*k - 1. Let l(d) = 3*a(d) + 2*t(d). Give l(-4).
-29
Suppose -173*l + 175*l = -2. Let m(p) be the second derivative of -11*p**3/3 - p. Determine m(l).
22
Let g = 13 + -5. Let l(r) = 73*r**2 - 21*r**2 - g + 8*r - 23*r**2 - 30*r**2. Let a be ((-4)/(-6))/((-1)/(-9)). What is l(a)?
4
Let s = 19 + -14. Suppose 2*l = s*